{"id":601,"date":"2019-12-11T13:28:17","date_gmt":"2019-12-11T12:28:17","guid":{"rendered":"http:\/\/ohlson.se\/?page_id=601"},"modified":"2025-08-28T15:45:42","modified_gmt":"2025-08-28T13:45:42","slug":"press","status":"publish","type":"page","link":"https:\/\/ohlson.se\/index.php\/press\/","title":{"rendered":"Press"},"content":{"rendered":"<div class=\"wpb-content-wrapper\"><p>[vc_row css_animation=&#8221;&#8221; row_type=&#8221;row&#8221; use_row_as_full_screen_section=&#8221;no&#8221; type=&#8221;full_width&#8221; angled_section=&#8221;no&#8221; text_align=&#8221;left&#8221; background_image_as_pattern=&#8221;without_pattern&#8221;][vc_column][vc_empty_space][\/vc_column][\/vc_row][vc_row css_animation=&#8221;&#8221; row_type=&#8221;row&#8221; use_row_as_full_screen_section=&#8221;no&#8221; type=&#8221;grid&#8221; angled_section=&#8221;no&#8221; text_align=&#8221;left&#8221; background_image_as_pattern=&#8221;without_pattern&#8221; css=&#8221;.vc_custom_1576067661441{background-position: 0 0 !important;background-repeat: no-repeat !important;}&#8221; z_index=&#8221;&#8221;][vc_column][vc_row_inner row_type=&#8221;row&#8221; type=&#8221;grid&#8221; text_align=&#8221;left&#8221; css_animation=&#8221;&#8221;][vc_column_inner width=&#8221;1\/3&#8243;][vc_column_text]<\/p>\n<h3>Pressrelease<\/h3>\n<p>[\/vc_column_text][\/vc_column_inner][vc_column_inner width=&#8221;1\/3&#8243;][\/vc_column_inner][vc_column_inner width=&#8221;1\/3&#8243;][\/vc_column_inner][\/vc_row_inner][vc_row_inner row_type=&#8221;row&#8221; type=&#8221;grid&#8221; text_align=&#8221;left&#8221; css_animation=&#8221;&#8221;][vc_column_inner width=&#8221;1\/3&#8243;][vc_column_text]31\/1 2025<\/p>\n<p><strong><a href=\"http:\/\/ohlson.se\/br\/wp-content\/uploads\/2025\/01\/Pressrelease-31-jan-2025-Fabriken.pdf\" target=\"_blank\" rel=\"noopener\">Pressrelease: Elisabeth Ohlson retrospektiv utst\u00e4llning p\u00e5 Fabriken B\u00e4stekille<\/a><\/strong>[\/vc_column_text][\/vc_column_inner][vc_column_inner width=&#8221;1\/3&#8243;][\/vc_column_inner][vc_column_inner width=&#8221;1\/3&#8243;][vc_column_text css=&#8221;.vc_custom_1756387845446{padding-left: 30px !important;}&#8221;]<\/p>\n<h3><strong>Media om Elisabeth Ohlson \/ retrospektiv:<\/strong><\/h3>\n<p>Nyhetsmorgon TV4 om <a href=\"https:\/\/www.tv4play.se\/klipp\/32a0413c983047056c27\/video-elisabeth-ohlsons-betydelse-for-svensk-fotokonst?playlist=2yE9Sc0QB2bv4SkDfRdSzt\" target=\"_blank\" rel=\"noopener\">utst\u00e4llningen<\/a><\/p>\n<p>SVT <a href=\"https:\/\/www.svt.se\/nyheter\/lokalt\/skane\/elisabeth-ohlsons-sista-bilder-visas-dokumenterade-sin-egen-dod\" target=\"_blank\" rel=\"noopener\">Kulturnyheterna<\/a><\/p>\n<p>Sveriges Radio <a href=\"https:\/\/www.sverigesradio.se\/artikel\/retrospektiv-utstallning-med-elisabeth-ohlsons-verk-ville-provocera\">Kulturnytt<\/a><\/p>\n<p><em>Recensioner:<\/em><br \/>\nKristin Lundell<a href=\"https:\/\/www.expressen.se\/kultur\/konst\/elisabeth-ohlson-later-oss-se-nar-hon-dor\/\" target=\"_blank\" rel=\"noopener\"> Expressen<\/a><br \/>\nKristina Maria Mezei<a href=\"https:\/\/www.omkonst.se\/25-ohlson-elisabeth.shtml\" target=\"_blank\" rel=\"noopener\"> omkonst<\/a><br \/>\nCarolina S\u00f6derholm <a href=\"https:\/\/www.ystadsallehanda.se\/2025-06-19\/elisabeth-ohlsons-bilder-tvingar-oss-att-se-manniskan-pa-riktigt\/\" target=\"_blank\" rel=\"noopener\">Ystad Allehanda<\/a><br \/>\nJohan Malmberg <a href=\"https:\/\/www.sydsvenskan.se\/2025-07-01\/elisabeth-ohlson-holl-fingret-pa-avtryckaren-anda-in-i-doden\/\" target=\"_blank\" rel=\"noopener\">Sydsvenskan<\/a><br \/>\nJanna Aanstoot <a href=\"https:\/\/humanisten.se\/2025\/06\/29\/religionskritik-i-religios-drakt\/\" target=\"_blank\" rel=\"noopener\">Humanisten<\/a><br \/>\nJenny Maria Nilsson <a href=\"https:\/\/www.aftonbladet.se\/kultur\/konst\/a\/4BaEM6\/elisabeth-ohlson-retrospektiv-fabriken-bastekille\" target=\"_blank\" rel=\"noopener\">Aftonbladet<\/a><br \/>\nMalena Forsare <a href=\"https:\/\/www.sydsvenskan.se\/artikel\/elisabeth-ohlson-forandrade-for-alltid-var-syn-pa-hbtq\/\" target=\"_blank\" rel=\"noopener\">Sydsvenskan<\/a>[\/vc_column_text][\/vc_column_inner][\/vc_row_inner][vc_empty_space][vc_row_inner row_type=&#8221;row&#8221; type=&#8221;grid&#8221; text_align=&#8221;left&#8221; css_animation=&#8221;&#8221;][vc_column_inner width=&#8221;1\/3&#8243;][vc_column_text]<\/p>\n<h3>Pressbilder<\/h3>\n<p>[\/vc_column_text][\/vc_column_inner][vc_column_inner width=&#8221;1\/3&#8243;][\/vc_column_inner][vc_column_inner width=&#8221;1\/3&#8243;][\/vc_column_inner][\/vc_row_inner][vc_row_inner row_type=&#8221;row&#8221; type=&#8221;grid&#8221; text_align=&#8221;left&#8221; css_animation=&#8221;&#8221;][vc_column_inner width=&#8221;1\/3&#8243;][vc_single_image image=&#8221;661&#8243; img_size=&#8221;full&#8221; onclick=&#8221;custom_link&#8221; img_link_target=&#8221;_blank&#8221; qode_css_animation=&#8221;&#8221; link=&#8221;http:\/\/ohlson.se\/br\/wp-content\/uploads\/2020\/03\/eo_press_20-scaled.jpg&#8221;][\/vc_column_inner][vc_column_inner width=&#8221;1\/3&#8243;][vc_single_image image=&#8221;602&#8243; img_size=&#8221;full&#8221; onclick=&#8221;custom_link&#8221; img_link_target=&#8221;_blank&#8221; qode_css_animation=&#8221;&#8221; link=&#8221;http:\/\/ohlson.se\/br\/wp-content\/uploads\/2019\/12\/EO_paradise.jpg&#8221;][\/vc_column_inner][vc_column_inner width=&#8221;1\/3&#8243;][vc_column_text]Klicka p\u00e5 bilden f\u00f6r att ladda ned den.<\/p>\n<p>Fotograf Elisabeth Ohlson[\/vc_column_text][\/vc_column_inner][\/vc_row_inner][\/vc_column][\/vc_row][vc_row css_animation=&#8221;&#8221; row_type=&#8221;row&#8221; use_row_as_full_screen_section=&#8221;no&#8221; type=&#8221;full_width&#8221; angled_section=&#8221;no&#8221; text_align=&#8221;left&#8221; background_image_as_pattern=&#8221;without_pattern&#8221;][vc_column][vc_empty_space][\/vc_column][\/vc_row]<\/p>\n<\/div>","protected":false},"excerpt":{"rendered":"<p>[vc_row css_animation=&#8221;&#8221; row_type=&#8221;row&#8221; use_row_as_full_screen_section=&#8221;no&#8221; type=&#8221;full_width&#8221; angled_section=&#8221;no&#8221; text_align=&#8221;left&#8221; background_image_as_pattern=&#8221;without_pattern&#8221;][vc_column][vc_empty_space][\/vc_column][\/vc_row][vc_row css_animation=&#8221;&#8221; row_type=&#8221;row&#8221; use_row_as_full_screen_section=&#8221;no&#8221; type=&#8221;grid&#8221; angled_section=&#8221;no&#8221; text_align=&#8221;left&#8221; background_image_as_pattern=&#8221;without_pattern&#8221; css=&#8221;.vc_custom_1576067661441{background-position: 0 0 !important;background-repeat: no-repeat !important;}&#8221; z_index=&#8221;&#8221;][vc_column][vc_row_inner row_type=&#8221;row&#8221; type=&#8221;grid&#8221; text_align=&#8221;left&#8221; css_animation=&#8221;&#8221;][vc_column_inner width=&#8221;1\/3&#8243;][vc_column_text] Pressrelease [\/vc_column_text][\/vc_column_inner][vc_column_inner width=&#8221;1\/3&#8243;][\/vc_column_inner][vc_column_inner width=&#8221;1\/3&#8243;][\/vc_column_inner][\/vc_row_inner][vc_row_inner row_type=&#8221;row&#8221; type=&#8221;grid&#8221; text_align=&#8221;left&#8221; css_animation=&#8221;&#8221;][vc_column_inner width=&#8221;1\/3&#8243;][vc_column_text]31\/1 2025 Pressrelease: Elisabeth Ohlson retrospektiv utst\u00e4llning p\u00e5 Fabriken B\u00e4stekille[\/vc_column_text][\/vc_column_inner][vc_column_inner&#8230;<\/p>\n","protected":false},"author":1,"featured_media":0,"parent":0,"menu_order":0,"comment_status":"closed","ping_status":"closed","template":"full_width.php","meta":{"footnotes":""},"class_list":["post-601","page","type-page","status-publish","hentry"],"_links":{"self":[{"href":"https:\/\/ohlson.se\/index.php\/wp-json\/wp\/v2\/pages\/601","targetHints":{"allow":["GET"]}}],"collection":[{"href":"https:\/\/ohlson.se\/index.php\/wp-json\/wp\/v2\/pages"}],"about":[{"href":"https:\/\/ohlson.se\/index.php\/wp-json\/wp\/v2\/types\/page"}],"author":[{"embeddable":true,"href":"https:\/\/ohlson.se\/index.php\/wp-json\/wp\/v2\/users\/1"}],"replies":[{"embeddable":true,"href":"https:\/\/ohlson.se\/index.php\/wp-json\/wp\/v2\/comments?post=601"}],"version-history":[{"count":15,"href":"https:\/\/ohlson.se\/index.php\/wp-json\/wp\/v2\/pages\/601\/revisions"}],"predecessor-version":[{"id":818,"href":"https:\/\/ohlson.se\/index.php\/wp-json\/wp\/v2\/pages\/601\/revisions\/818"}],"wp:attachment":[{"href":"https:\/\/ohlson.se\/index.php\/wp-json\/wp\/v2\/media?parent=601"}],"curies":[{"name":"wp","href":"https:\/\/api.w.org\/{rel}","templated":true}]}}